l + o = -9877, -4671 = -3*l - 2*o + 1263. Suppose -l = -4*h - 240. List the prime factors of h.
2, 7, 31
Let z(u) = 13*u + 125. Let j be z(-10). List the prime factors of 30/(-10) - 965/j.
2, 5, 19
Let d(x) = 5*x + 91 - 47 + 93. What are the prime factors of d(25)?
2, 131
Let o(d) = 759*d**2 + 31*d + 43. Let z(u) = -379*u**2 - 16*u - 21. Let t(m) = 3*o(m) + 5*z(m). List the prime factors of t(-2).
2, 7, 109
Suppose 5*g - 101112 = 4*t, 165*t = 170*t + 15. List the prime factors of g.
2, 3, 5, 337
List the prime factors of 232/(-174) - (-730400)/24.
2, 3, 317
Let u(b) = 13568*b - 79. List the prime factors of u(2).
3, 29, 311
Suppose 2*x + 46 = 4*n, n - 2*n - 4*x = -25. Suppose 17*q + 1612 = n*q. Let i = -190 - q. List the prime factors of i.
3, 71
Suppose -t + 13 + 9 = 0. Suppose -t*k = -25*k + 489. Let v = 277 - k. List the prime factors of v.
2, 3, 19
Let p be 11/((-308)/(-1533)) - (-2)/8. Suppose 3*m + 6755 = 5*f + 1836, 0 = 3*f - 4*m - 2947. Suppose f = 6*j + p. List the prime factors of j.
5, 31
Suppose -14058 = 3*g + i - 45995, -2*g = -5*i - 21331. What are the prime factors of g?
2, 11
Let t = 144 + -142. Let l be (8 + -11)*5*t/(-6). Suppose -6*f + 1032 = -2*f - 5*k, -l*k = 3*f - 809. List the prime factors of f.
263
Suppose -3*a + 4*h + 163 = 0, 4*a - 3*h = 73 + 142. Let y = 10 - a. Let r = 71 - y. List the prime factors of r.
2, 3, 19
Suppose -66148 = -250*p + 248*p + 4*u, 0 = 2*p - u - 66151. List the prime factors of p.
2, 8269
Suppose 7*g - 1740 = 311. Let n = 347 - g. What are the prime factors of n?
2, 3
Let n = 56 + -52. Let a be 3/(-2) + (n - 4300/(-8)). Suppose -3*y + 2*o + a = y, y - 4*o - 135 = 0. What are the prime factors of y?
3, 5
Let x = -25 - -27. Suppose x*y = y - 3*y. Suppose -2*l = y, 60 = 2*v + l - 118. What are the prime factors of v?
89
Let s be ((-21182)/4)/(8/(-16)*1). Suppose -123*r + 130*r = s. List the prime factors of r.
17, 89
Suppose 4*u = -125*h + 129*h - 32740, 4*u + 40928 = 5*h. Suppose h = -d + 24*d. List the prime factors of d.
2, 89
Let d = 121 + -117. Suppose 0 = -4*q + d*f - 68, 2*q + 15 = 5*f - 16. Let p = 62 - q. List the prime factors of p.
2, 5
Let a be 17/(-85) + 927/(-15). List the prime factors of -8 + 3 - (a - 0).
3, 19
Suppose -26*g - 12 = -29*g. Suppose 0 = -j - 2, -2238 = -8*b + 3*b + g*j. What are the prime factors of b?
2, 223
Let q be (5 - 74/4)*(-5 - -1). Let g be (2/(-3))/((-18)/q). Suppose -g*k + 38 = -28. List the prime factors of k.
3, 11
Let g be (6/(-8) + -3)*(-8)/6. Suppose -2*n = 4*f - 354, -2*n - g*f + 3*f = -348. What are the prime factors of n?
3, 19
Suppose 5*o - 1224 = o. Let r = o + -99. What are the prime factors of r?
3, 23
Let b = 43 - 44. Let u be 2/(b*(-4)/1184). Suppose -24*m + u = -20*m. List the prime factors of m.
2, 37
Let o(v) = 121*v - 151. Let t(n) = -61*n + 75. Let b(d) = 4*o(d) + 7*t(d). Suppose 349 = 77*l - 2 - 111. What are the prime factors of b(l)?
263
Let p(b) = b**3 - 10*b**2 - 2*b - 21. Let x be p(12). Let a(h) = -h. Let u be a(-5). Suppose 14*j - u*j = x. What are the prime factors of j?
3
Suppose 5*n - 3*n = 10. Suppose 2*l - 569 = -o, 0 = 2*l + n*o - 628 + 47. List the prime factors of l.
283
Suppose -3*z - 2*z = -4*d - 33, -5*z - 3*d = -19. Suppose 26*s = 25*s + z. Suppose 0 = -s*a - x + 455 + 356, a - 171 = 2*x. What are the prime factors of a?
163
Suppose -2*b = -4*p + 58, 3*p - 4*b + 24 = 5*p. Let j be (22/p + -2)*-7. Suppose -9*d = -j*d - 618. What are the prime factors of d?
103
What are the prime factors of 1 + -10 + 7 - 40532/(0 - 2)?
2, 17, 149
What are the prime factors of ((-2)/3)/((-6)/436392)?
2, 11, 19, 29
Let h = 427 - 33. Suppose -h = -a + 1. What are the prime factors of a?
5, 79
What are the prime factors of (-4 - (-170)/51)/(2/(-1578))?
2, 263
Let b(t) = 3*t**3 + 75*t**2 + 26*t + 353. List the prime factors of b(-24).
31, 47
Suppose -6*c + 58 = -7*c. Let b = -56 - c. Suppose b*o = 218 + 20. List the prime factors of o.
7, 17
Let k = -47453 + 88187. What are the prime factors of k?
2, 3, 31, 73
Let p be (-2)/11 - (-577066)/517. Suppose -4*m = 4*y - 900, 3*y - p = -4*m - 221. What are the prime factors of m?
2, 5, 11
Suppose -j - 16071 - 73882 = -3*v, 5*v + j = 149935. What are the prime factors of v?
2, 11, 29, 47
Let g(b) = 49*b + 85. Let t be g(29). Suppose -19*r - t = -22*r. List the prime factors of r.
2, 251
Let v = 2388 + 6016. List the prime factors of v.
2, 11, 191
Let m(z) = z**3 + 60*z**2 + 63*z + 62. What are the prime factors of m(-52)?
2, 9209
Suppose -9*p - 2214 = -3*a - 14*p, -3*a + 5*p = -2244. What are the prime factors of a?
743
Suppose -7*u + 112 + 0 = 0. Suppose 20*w - 12*w = u. Suppose q + 137 = w*m, 5*m + 161 = 2*q + 504. List the prime factors of m.
3, 23
Suppose -2*m = -n + 26, 3*n + 34*m = 39*m + 78. Suppose -4*p + 22 = 2*r, p + 2*r - 7*r = 0. Let i = p + n. List the prime factors of i.
31
Let i(c) = 27*c - 2. Let h = 86 - 88. Let t be i(h). List the prime factors of ((-26)/2)/(4*2/t).
7, 13
Suppose -2*x - 383 = -c, -3*x - 28*c + 30*c = 576. What are the prime factors of (-108794)/x + -2 + (-36)/(-15)?
3, 191
Let x(n) = -1888*n**3 + n**2 + 2*n - 3. List the prime factors of x(-2).
15101
What are the prime factors of (5/(-3))/((-7)/41853)?
5, 1993
Suppose 9 = x + 2*x, -2*f = -2*x + 56. List the prime factors of (f + 18)*1004/(-14).
2, 251
Suppose -17 = -a - 0*a - 2*g, -4*a + 29 = -5*g. Suppose -a*m + 4*m = 1876. List the prime factors of (1/2)/((-2)/m).
67
Suppose -3*y - 48 = -3. Let z = y - -18. List the prime factors of 828/(1 - -3) - z.
2, 3, 17
Suppose z - 4*y = -15, 2*z - 2*y + 12 + 0 = 0. List the prime factors of (-9)/z*-66*120/(-36).
2, 3, 5, 11
Suppose 0 = 4*g + 6*g + 280. Let a be (-8)/g + (-90)/21. What are the prime factors of (-13764)/(-155) - a/(-5)?
2, 11
Let d(p) = -4*p - 53. Let j be d(-14). What are the prime factors of -1 + j/(-1) - -64?
2, 3, 5
What are the prime factors of (-208 - -193) + 52840/2?
5, 5281
Suppose -6*n = -n + 5*z - 570, -3*n - 5*z = -346. Suppose -4*p - 16 = 0, 0*v + 3*v + 2*p - n = 0. List the prime factors of v.
2, 5
Let g(a) = -5*a + 49. Let b be g(9). Suppose b*p - 238 = -2*m + 2*p, m - 107 = 2*p. What are the prime factors of m?
5, 23
Let v = -208 - -301. Let h be (-2400)/(-70) + 4/(-14). Let w = h + v. What are the prime factors of w?
127
Let s(q) = 26*q - 5. Let k be s(-2). Let z = -63 - k. What are the prime factors of (16/10)/(z/(-195))?
2, 13
Suppose q - 21 = 6. Let p = 33 - q. Suppose 585 = 5*a - p*f + 3*f, 5*f - 545 = -5*a. What are the prime factors of a?
2, 3, 19
What are the prime factors of 7426 + (5/6 - 65/78)?
2, 47, 79
Let s = -31 + 33. Suppose h - 20 = -2*n + 5*h, 5*n + s*h - 2 = 0. List the prime factors of (-3)/(n/(-4 + -78)).
3, 41
Suppose -6*k = -29 - 91. Let w(q) = 4*q**2 + 24*q - 34. List the prime factors of w(k).
2, 3, 11, 31
Let r = 6693 + -6688. Let u = -276 + 768. Suppose 0 = -r*c + u + 93. List the prime factors of c.
3, 13
Let k(s) = 3*s + 143. Let a be 972/(-30) - -2 - 2/(-5). What are the prime factors of k(a)?
53
List the prime factors of -6*(1/(-2)*-12 - (-637)/(-3)).
2, 619
Let g(u) = -u**3 + 6*u**2 + 4*u - 18. Let d be g(6). List the prime factors of d/(-39) + -1 + 25403/91.
2, 139
Suppose -338*k - 8 = -340*k. What are the prime factors of 461 + -3 - (-2 + (6 - k))?
2, 229
Suppose 10*s + 3*i = 5*s + 116358, -69823 = -3*s - 10*i. What are the prime factors of s?
3, 7757
Let n(q) = q**3 + 10*q**2 - 12*q - 5. Let z be 2/(-9) - (-873)/(-81). Let l be n(z). Suppose -l*o + o = -155. What are the prime factors of o?
31
Suppose 11*m - 28 = 4*m. Suppose -2*f - 27 = -5*k + 5, -m*k + 12 = -5*f. Suppose -133 = -2*w + 5*i, -i - k = 3*w - 216. What are the prime factors of w?
3, 23
List the prime factors of (-4*5)/((-22398)/3198 + 7).
2, 5, 13, 41
Let n be 1/(7/(-4)) - (-5217)/(-21). Let s(w) = -121*w**2 - w. Let g be s(1). Let c = g - n. List the prime factors of c.
127
Let d(w) = -322*w + 1837. List the prime factors of d(-8).
3, 1471
Suppose 0 = 2*d - 3*l - 36571, 4*d - 7*l = -12*l + 73153. What are the prime factors of d?
18287
Suppose -162108 = 5*k - 9*k - 2*l, -4*l = 4*k - 162104. What are the prime factors of k?
2, 17, 149
Let a be (7 + -10)*(4 + (-65)/15). What are the prime factors of 11663/214*a*2?
109
Let i(x) = -x**3 - 25*x**2